3*c**2 - 13*c + 8. What are the prime factors of r(-4)?
2, 7, 101
What are the prime factors of (-6)/(-42) - 4066/(-7)?
7, 83
Suppose -3*w = -w - 4*q + 4, -39 = -3*w - 3*q. Suppose w*p = 5*p + 108. Let u = 0 + p. List the prime factors of u.
2, 3
Let n(t) = -3*t - 11. Let z be n(-7). Let x = z + -10. Let q(b) = -b**2 + 14. List the prime factors of q(x).
2, 7
Suppose -1 = -d - v, -d - 2*v + 3*v - 3 = 0. Let h(b) = -124*b**3 + b**2 - 1. List the prime factors of h(d).
2, 31
Let c(s) = 7*s**3 + 3*s**2 + 6*s + 6. Let a be c(-2). Let p = a - -219. List the prime factors of p.
13
Let w be -12 - -10 - 1*87. Let f = w + 329. What are the prime factors of f?
2, 3, 5
Let f = -87 + 60. Let a = f + 83. What are the prime factors of a?
2, 7
Suppose -5*y + 2*k = -17557, -14048 = -6*y + 2*y + 4*k. What are the prime factors of y?
3511
Let y(s) = 6*s**2 - 2*s - 1. Let h be y(-2). List the prime factors of ((-18)/h)/((-1)/51).
2, 17
Let r(s) = 107*s**2 - 7*s + 8. What are the prime factors of r(1)?
2, 3
Suppose 35*n = r + 30*n - 2431, 5*r - 5*n = 12075. What are the prime factors of r?
2411
Let i be (-1696)/(-10) + (-16)/(-40). Let v = i - 9. What are the prime factors of v?
7, 23
Let w = -30 + 42. Suppose 15*g - 297 = w*g. What are the prime factors of g?
3, 11
Suppose -64*b + 156258 = -14622. List the prime factors of b.
2, 3, 5, 89
Suppose -3*p + 2*p - 9 = 0. Let h(d) = -4*d**2 + 16*d - 13. Let s(z) = -z**2 + 2*z - 1. Let o(q) = h(q) - 5*s(q). What are the prime factors of o(p)?
19
Suppose -19*g + 16040 = 5305. What are the prime factors of g?
5, 113
Suppose -7*t = -5*t - 52. Suppose -f + t - 146 = -5*p, -5*p - f + 110 = 0. List the prime factors of p.
23
Let g(c) = c**3 + 14*c**2 + c + 30. List the prime factors of g(-13).
2, 3, 31
Suppose 4*r = 4 + 8. Let j(p) = 22*p + 10. Let a be j(r). Let f = -45 + a. What are the prime factors of f?
31
Suppose 14*g = 847 + 2009. List the prime factors of g.
2, 3, 17
Let g(c) = c + 13. Let a be g(-16). Let v(y) = y**2 - 4*y. Let w(j) = 2*j**2 - 9*j + 1. Let h(u) = a*w(u) + 7*v(u). What are the prime factors of h(7)?
3, 13
Let t(q) = -3*q**2 + 4*q + 6. Let u(k) = -k - 1. Let n(w) = -t(w) + 2*u(w). List the prime factors of n(6).
2
Suppose -3*o = y - 710, 0 = -5*o - 4*y - y + 1170. What are the prime factors of o?
2, 7, 17
Let v = 2547 - 700. What are the prime factors of v?
1847
Suppose 0 = -6*b + 2*b + 60. Let l = b + -27. List the prime factors of l/(-6) - 4*-9.
2, 19
What are the prime factors of 3/(-12)*-4 - -833?
2, 3, 139
Let x(o) = -4*o - 9. Let p be x(-4). Suppose -d + p = -16. What are the prime factors of d?
23
Let c(i) = -5*i**3 - 4*i**2 - i - 7. Let n be c(-3). Suppose -2*x + 74 = 4*v, -2*x - v + 4*v + n = 0. What are the prime factors of x?
43
Let f = 13 + -11. Suppose 0 = 5*z - 5*b - 160, -2*z + 2*b + 120 = f*z. What are the prime factors of z/2 - -1 - -3?
2, 3
Suppose 4*x = x + 174. Suppose 4*r + 8 = 0, -4*i - r - 2*r = -x. Let c = -5 + i. What are the prime factors of c?
11
Let y(f) = f + 3. Let o be y(-3). Let s be o + -1 + (-9)/3. Let q = 27 - s. List the prime factors of q.
31
List the prime factors of ((-21)/28)/(-8 + 524439/65556).
3, 607
Suppose 4*r + 0*r = 3*t + 316, -4*t = 0. Suppose -6*m = -373 + r. List the prime factors of m.
7
Suppose -u + 3 = 5*k - 2, 5*u - 1 = -k. List the prime factors of (-211)/(((-4)/k)/4).
211
List the prime factors of 1/((-2807)/5618 - (-17)/34).
53
Let i(j) = j**2 + 2*j - 5. List the prime factors of i(6).
43
Suppose 0 = 6*x - 1496 - 2248. List the prime factors of x.
2, 3, 13
Let k(x) = x**3 + 3*x**2 + x. Let u be (-6)/(-14) - 34/14. Let d be k(u). Suppose 1 - 9 = -d*f. What are the prime factors of f?
2
Let b be (-6)/((-2)/(-4)*-3). Suppose -c + b*c - 474 = 0. Suppose 4*k + c = 5*i, 98 = 3*i - 2*k - 2*k. List the prime factors of i.
2, 3, 5
Let z = -287 - -682. List the prime factors of z.
5, 79
Let f(o) = o**3 + 26*o**2 + 42*o + 133. List the prime factors of f(-16).
43, 47
Let z(s) = 235*s**2 - 88*s + 2. List the prime factors of z(-4).
2, 11, 17
Let y(c) = 3*c**3 - 3*c**2 - 2*c - 1. Let p be y(3). Suppose -p = -2*i + 103. What are the prime factors of i?
3, 5
Let k = -24 + 20. Let v(w) = 2*w**2 - 4*w + 1. List the prime factors of v(k).
7
Let j = 692 + -401. Suppose -b + 4*b = j. Suppose -44 = -3*u + b. List the prime factors of u.
47
Let g(l) = l**2 - 12*l + 31. Let q be g(9). Suppose -q*c = -c - 498. List the prime factors of c.
2, 83
Suppose 3*t = -9, 5*t - 2 + 17 = 2*k. Suppose -560 = -k*z - 5*z - v, 2*z = 3*v + 224. List the prime factors of z.
2, 7
Let p be (-2 + 1 + 0)/1. List the prime factors of p/(-7) + 760/70.
11
Suppose -a - 36 = 5*a. Let i be (-112)/(-24) + (-2)/a. Suppose 0 = q + 3, i*q - 2 = -4*p + 31. What are the prime factors of p?
2, 3
What are the prime factors of -2 - 16/(-6) - 23968/(-84)?
2, 11, 13
Let l(u) = 16*u**3 - 8*u**2 - 4*u + 2. Let m be l(-3). Let i = m + 713. List the prime factors of i.
223
Let s(f) = f**2 - 9*f + 8. Let c be s(8). Suppose 5*k + c*k = 35. Let d(w) = w**2 - 4*w + 16. List the prime factors of d(k).
37
Suppose 0*o = -14*o + 42. Suppose 2*g = 2, o*a + 4*g - 449 = 8*g. What are the prime factors of a?
151
Let x = 733 + -284. List the prime factors of x.
449
Let u(i) = 6*i**2 - 36 - 3*i**2 + 41 - 13*i. What are the prime factors of u(10)?
5, 7
Let c = 107 - -454. What are the prime factors of c?
3, 11, 17
Suppose -7*t = -184 + 2. Suppose -2*r + 6 = -0*r. What are the prime factors of (t/(-3))/(r/(-9))?
2, 13
Let c = -45 - -49. Suppose -2*p + 2*o = -168, -3*p = -2*p + c*o - 89. List the prime factors of p.
5, 17
Suppose 1524 = n - 4*z, -3*z = 2*n - 5176 + 2073. What are the prime factors of n?
2, 193
Suppose -2*i - 3*n = 240, -i + n = -3*n + 142. Let r be i/(-33) + 6/33. Suppose -4*x = 4*g - 81 - 67, -r*x = -3*g + 132. What are the prime factors of g?
2, 5
List the prime factors of (-2498)/((-13)/13) + (0 - 2).
2, 3, 13
Let m(t) = 10*t**2 + 5*t + 2. Let d be m(-2). Let j = d - 22. List the prime factors of j.
2, 5
Let b(o) = -o**3 + 9*o**2 - 9*o + 12. Let j be b(8). Suppose j = h - 5. What are the prime factors of h?
3
Let v be (-2)/2 - (2 - 8). Let x = -1 + v. Let p(a) = -a**3 + 6*a**2 + a + 3. List the prime factors of p(x).
3, 13
Let l(w) = 0*w**2 - w**2 - w - 7 - 9*w. Let x be l(-9). List the prime factors of x/4 - 260/(-8).
3, 11
Let s(q) = q + 10. Let n be s(-5). Suppose n*w - 3 = -g + 2, 5 = 5*w + 5*g. Suppose -2*v + 10 = o + w, -5*v + 3*o + 6 = 0. List the prime factors of v.
3
List the prime factors of ((-2574)/54)/((-2)/6).
11, 13
Suppose -u = 2*u + k - 2826, -4*k = 4*u - 3760. List the prime factors of u.
23, 41
Let f = -656 - -695. List the prime factors of f.
3, 13
Suppose -6*m = -9*m - 36. Let r = -16 - m. Let b(y) = -8*y + 13. What are the prime factors of b(r)?
3, 5
Suppose 5*q - 10 = 0, 0 = 5*i + 2*q + 8 - 27. Let m be i/(-2*(-3)/180). Suppose m = 2*s + 3*s. What are the prime factors of s?
2, 3
Let g = -55 + 79. Suppose -m - 14 = -g. What are the prime factors of m?
2, 5
Let f(c) = -c**2 + 5*c + 3. Let g be f(5). Suppose 31 = -g*b + 2*n, b + 23 = -2*b - 2*n. Let o = 30 + b. What are the prime factors of o?
3, 7
Let m(i) = 0*i**2 - 5*i**3 + 5*i**3 - 3*i**3 - i**2 + 2. Let v = 3 + -5. What are the prime factors of m(v)?
2, 11
Suppose 7*t - 55 - 99 = 0. List the prime factors of t.
2, 11
Let w(o) = -2*o**3 - 14*o**2 - 12*o - 57. What are the prime factors of w(-9)?
3, 5
Suppose -4*v = v + 105. Let n = -17 - v. Suppose 0 = -n*d + 3*u - u + 106, -4*u = -d + 44. What are the prime factors of d?
2, 3
Let b(g) = g**2 - 2*g + 7. Let c be b(0). Let u = c - 3. Suppose 0 = -m + 4*m - 5*i - 33, -m + u*i + 18 = 0. List the prime factors of m.
2, 3
Suppose 5*v + 4*v - 7461 = 0. Suppose -5*s + 86 = -v. List the prime factors of s.
3, 61
Suppose 21*j + 4 = 23*j. Suppose 44 = j*y - 70. What are the prime factors of y?
3, 19
Suppose -2*z = 0, -7*z = -4*v - 3*z + 12. Let i(g) = -20 + g**2 - g + 19 - g**3 - 2*g**v. What are the prime factors of i(-1)?
2
Suppose -3*v + 4*m - 70 = 0, -3*m = 2*v + 33 + 42. What are the prime factors of v/(-4) - (21/6 + -4)?
2
Suppose -3*u + 64 = 4*w, 4*w - u + 4 = 68. Suppose -w*b = -17*b + 128. What are the prime factors of b?
2
Suppose 0 = -2*c + 2*z + 3676, 0 = 10*z - 9*z. What are 